32).
-306
Let k(z) = -3*z**2 - 16637*z + 33270. Calculate k(2).
-16
Let n(b) = -b**3 + 1907*b**2 - 740650*b - 1100. Calculate n(543).
-14
Let x(l) = -3*l**2 + 466*l + 13929. What is x(181)?
-8
Let f(n) = -52484*n + 1154635. Calculate f(22).
-13
Let f(y) = -19081*y + 1278422. What is f(67)?
-5
Let h(y) = -2*y**2 + 736*y + 45509. Calculate h(-54).
-67
Let s(n) = -563*n**2 - 59117*n - 64. Determine s(-105).
146
Let z(x) = 2*x**2 - 309*x - 8539. What is z(-24)?
29
Let a(q) = -88*q + 144. What is a(-13)?
1288
Let v(k) = k**3 + 27*k**2 - 2827*k - 62018. Determine v(-21).
-5
Let r(v) = -92*v**2 - 210*v. What is r(-2)?
52
Let o(v) = 18905*v - 491534. Give o(26).
-4
Let n(c) = -42*c**2 - 1021*c - 9132. Determine n(-9).
-3345
Let t(v) = -58*v**2 - 1086*v - 2172. Determine t(-2).
-232
Let i(k) = -3*k**2 - 15*k - 188. Determine i(-26).
-1826
Let x(c) = 2*c**3 + 15*c**2 - 313*c - 1978. What is x(-6)?
8
Let k(s) = -21*s**2 + 1215*s + 4894. Determine k(-4).
-302
Let o(t) = -t**3 - 64*t**2 + 202*t - 73. What is o(-67)?
-140
Let s(u) = -u**3 + u**2 - 41*u + 85. Give s(2).
-1
Let q(p) = -p**2 + 345*p + 22443. Give q(-54).
897
Let b(o) = -206*o**2 - 156*o - 425. Calculate b(-4).
-3097
Let f(t) = -t**3 - 247*t**2 - 217*t + 7109. Determine f(-246).
-25
Let q(u) = -4*u**2 - 1403*u - 16892. What is q(-12)?
-632
Let a(j) = 2736*j + 136138. Determine a(-50).
-662
Let r(l) = 17728*l - 283782. Calculate r(16).
-134
Let y(i) = -i**3 - 61*i**2 - 672*i + 89. What is y(-46)?
-739
Let t(h) = -4*h**2 + 325*h + 4513. Determine t(-12).
37
Let t(x) = 161*x**2 + 1285*x + 89. Determine t(-8).
113
Let s(x) = -22413*x - 67439. Calculate s(-3).
-200
Let r(v) = 132*v + 12654. What is r(-96)?
-18
Let i(s) = -10590*s - 741247. Determine i(-70).
53
Let v(j) = -j**3 + 119*j**2 + 739*j + 1479. What is v(125)?
104
Let t(h) = 2*h**3 + 5*h**2 - 49*h - 87. Calculate t(11).
2641
Let z(s) = 17*s**2 - 218*s - 109. What is z(12)?
-277
Let u(r) = -64310*r - 1929319. What is u(-30)?
-19
Let x(l) = -9*l**2 - 150*l + 18. Determine x(-16).
114
Let y(t) = 5*t**2 + 492*t + 1509. Give y(-3).
78
Let r(f) = -6100*f**3 + 24390*f**2 + 25*f + 57. Determine r(4).
-3
Let y(g) = 3*g**3 + 133*g**2 + 404*g + 74. Calculate y(-41).
320
Let t(n) = -506*n + 2850. Calculate t(6).
-186
Let m(x) = -586427*x + 3518554. Determine m(6).
-8
Let d(f) = f**2 + 9614*f - 454069. What is d(47)?
-2
Let u(v) = -421*v**2 + 4624*v + 3. Give u(11).
-74
Let i(c) = 3*c**3 + 94*c**2 + 31*c + 53. Determine i(-31).
53
Let a(c) = -c**3 - 60*c**2 - 273*c - 22. Give a(-5).
-32
Let k(r) = 5*r**3 - 67*r**2 + 58*r - 389. Give k(13).
27
Let x(f) = 507*f - 33056. Give x(65).
-101
Let a(f) = -8*f**3 + 178*f**2 - 313*f + 28. Determine a(7).
3815
Let z(f) = -f**2 + 1607*f - 257. Give z(0).
-257
Let m(j) = 71*j**2 - 275*j - 1064. Calculate m(-4).
1172
Let u(w) = -54*w**3 + 10*w**2 + 36*w - 81. Calculate u(4).
-3233
Let m(v) = -267*v + 112932. Determine m(423).
-9
Let z(v) = 201*v - 27029. What is z(130)?
-899
Let v(c) = 34245*c + 787647. Determine v(-23).
12
Let o(l) = 317*l - 28257. Determine o(89).
-44
Let g(r) = 4*r**3 - 286*r**2 + 1210*r - 120. Give g(67).
148
Let a(j) = -62173*j - 186565. Determine a(-3).
-46
Let u(q) = 2581*q - 168902. Calculate u(65).
-1137
Let b(o) = o**3 + 191*o**2 + 2329*o + 2618. What is b(-178)?
-52
Let t(h) = -h**3 + 33*h**2 + 176542*h + 2617. Calculate t(437).
-5
Let y(p) = p**3 - 143*p**2 + 2560*p + 338. What is y(122)?
94
Let o(a) = -12207*a - 707691. What is o(-58)?
315
Let w(g) = 8*g**3 + 15*g**2 - 186*g + 166. What is w(1)?
3
Let d(u) = -9937*u + 268310. Give d(27).
11
Let n(c) = 17*c**2 - 455*c - 283. Determine n(28).
305
Let g(p) = 7604987*p - 30419942. Determine g(4).
6
Let i(r) = 11*r**2 - 392*r + 588. Determine i(33).
-369
Let n(m) = m**2 - 73*m + 384. Determine n(8).
-136
Let z(y) = 192*y**2 + 12331*y - 24662. What is z(2)?
768
Let s(c) = -178733*c - 85. Determine s(0).
-85
Let l(k) = k + 759. Determine l(28).
787
Let n(t) = -51295*t + 256481. Calculate n(5).
6
Let h(u) = u**3 - 25*u**2 + 86*u - 239. What is h(21)?
-197
Let m(r) = -r**3 - 967*r**2 + 12745*r + 4889. Calculate m(-980).
-11
Let z(h) = 69*h**2 + 19*h - 32. Calculate z(-4).
996
Let q(k) = -2*k**3 + 1585*k**2 - 8655*k - 1536. Determine q(787).
38
Let d(z) = -6*z**2 + 421*z - 203. Calculate d(74).
-1905
Let t(y) = 3943*y - 22712. Calculate t(6).
946
Let s(k) = -65512*k - 31183708. What is s(-476)?
4
Let i(n) = 2903*n + 103379. Give i(-36).
-1129
Let h(g) = 705*g + 478. Determine h(-1).
-227
Let y(l) = -166*l**2 + 6517*l - 1672. Determine y(39).
5
Let f(g) = 157*g**3 + 11*g**2 + 16*g + 10. Determine f(-1).
-152
Let s(x) = 4619*x**2 - 18554*x + 277. What is s(4)?
-35
Let z(g) = -36*g**2 + 58768*g + 58767. Give z(-1).
-37
Let x(i) = 2077*i + 28066. Give x(-13).
1065
Let h(q) = 22*q**2 - 75*q - 466. What is h(0)?
-466
Let s(d) = d**3 + 31*d**2 - 111*d - 5242. Calculate s(-29).
-341
Let y(j) = 107*j**2 + 5852*j + 79824. Determine y(-26).
4
Let l(k) = 4*k**2 + 49*k + 660. Give l(-18).
1074
Let l(o) = -2*o**3 + 48*o**2 + 1054*o - 25626. What is l(25)?
-526
Let r(z) = z**3 + 44*z**2 + 182*z - 491. Calculate r(-39).
16
Let i(q) = -2*q**2 - 315*q + 13990. Give i(36).
58
Let s(m) = -39*m**2 + 714*m + 507. What is s(19)?
-6
Let r(p) = 988*p + 8440. Give r(-8).
536
Let a(t) = -t**2 + 408*t + 454016. What is a(-500)?
16
Let d(q) = q**3 - 54*q**2 - 1011*q + 2232. Give d(2).
2
Let v(p) = 25*p**3 + 1502*p**2 + 122*p - 129. Give v(-60).
-249
Let w(l) = 130770*l - 6669263. What is w(51)?
7
Let v(t) = -t**3 - 84*t**2 - 1710*t + 33. Give v(-35).
-142
Let g(j) = 296*j**2 + 1752*j - 51. What is g(-6)?
93
Let n(h) = -381*h - 3348. What is n(-8)?
-300
Let l(o) = -7*o**3 - 296*o**2 - 89*o - 202. Determine l(-42).
8
Let w(b) = 327*b**2 + 20*b - 21. What is w(1)?
326
Let y(i) = 141580*i + 3822670. Determine y(-27).
10
Let v(f) = -f**3 + 339*f**2 - 8459*f + 10919. Determine v(312).
-1
Let k(s) = -3795*s - 30430. What is k(-8)?
-70
Let r(w) = -w**3 - 243*w**2 + 238*w + 57830. Give r(-243).
-4
Let q(d) = -d**3 + 2*d**2 + 56*d + 93. Calculate q(-2).
-3
Let d(a) = a**2 - 6800*a + 1937594. Determine d(298).
-2
Let f(q) = -207*q**2 + 34889*q - 169275. Determine f(5).
-5
Let v(f) = -f**3 - 30*f**2 - 49*f - 2408. Calculate v(-31).
72
Let p(i) = -2*i**3 - 22*i**2 - 27*i - 137. Determine p(-9).
-218
Let i(t) = 5*t**3 + 139*t**2 + 258*t + 643. Give i(-26).
19
Let n(w) = -43*w**3 - 4*w**2 + 26*w - 46. Give n(3).
-1165
Let t(y) = 818*y - 182386. Determine t(223).
28
Let i(b) = -1051*b**2 + 110*b - 223. Determine i(2).
-4207
Let g(n) = -9*n**2 + 417*n + 16742. Give g(-26).
-184
Let b(l) = -5145*l - 5158. What is b(-1)?
-13
Let f(q) = q**3 - 13*q**2 - 162*q + 1697. Give f(9).
-85
Let j(g) = 2*g**2 - 453*g + 29323. What is j(127)?
4050
Let j(r) = -9*r**2 - 30*r + 6254. What is j(25)?
-121
Let s(j) = -672*j + 9047. Calculate s(12).
983
Let o(y) = -964*y**2 + 4748*y + 343. Determine o(5).
-17
Let c(g) = 3*g**3 + 48*g**2 + 140*g - 358. Calculate c(-11).
-83
Let p(i) = 40787*i - 530111. Determine p(13).
120
Let y(t) = 2*t**3 + 257*t**2 + 129*t - 1123. Give y(-128).
-1251
Let d(f) = -4*f**2 + 31*f - 305. What is d(5)?
-250
Let r(b) = -622*b + 10296. Give r(19).
-1522
Let u(s) = -19813*s + 178301. What is u(9)?
-16
Let i(a) = 683481*a + 9568753. What is i(-14)?
19
Let v(n) = n**3 + 185*n**2 + 539*n - 1354. Determine v(-182).
-80
Let l(m) = 9787*m + 450178. What is l(-46)?
-24
Let j(w) = 882*w + 22507. What is j(-22)?
3103
Let c(b) = -691*b**2 - 6881*b + 38. Give c(-10).
-252
Let p(x) = 44*x - 7922. Determine p(203).
1010
Let f(d) = -2*d**3 - 7*d**2 - 1300*d - 5201. Determine f(-4).
15
Let k(h) = -h**2 - 24762*h + 545620. What is k(22)?
372
Let b(p) = -7*p**2 - 1008*p + 400. Give b(-140).
4320
Let j(q) = 1392*q + 69673. Give j(-50).
73
Let q(w) = -1084436*w + 79163824. Determine q(73).
-4
Let s(u) = u**3 + 81*u**2 + 89*u + 7206. Determine s(-81).
-3
Let a(x) = 3133*x**3 - 43863*x**2 + 13*x - 10. Give a(14).
-24
Let v(k) = -2146*k + 706051. What is v(329)?
17
Let t(h) = -5*h**3 + 6*h**2 + 10*h + 61. What is t(0)?
61
Let o(s) = -2*s**3 + 4*s**2 - 168*s - 117. Give o(0).
-117
Let r(b) = b**3 + 470*b**2 + 1348*b + 856650. Determine r(-471).
-99
Let c(s) = 3*s**2 - 130*s - 1960. Calculate c(-14).
448
L